-2)/(-13)). Let v = -7 - -12. Suppose 0*x - t + f = 5*x, v = x - t. What is the highest common factor of x and 63?
7
Let m(t) be the second derivative of -10*t**3 + 168*t**2 - 3*t - 22. Let p be m(-16). Calculate the greatest common factor of p and 27.
27
Let y = -1077 - -1141. What is the highest common factor of 64 and y?
64
Let s be (0/2)/(12/4 + -4). Let w be 59*(s + 1)*1. Let v = w + -39. What is the greatest common divisor of v and 180?
20
Let d = 231 + -229. Suppose -a = -0*a - 3*x - 15, 4*a - 60 = d*x. What is the greatest common divisor of a and 6?
3
Let j(v) = 3*v**2 - 108*v - 1809. Let c be j(-13). Calculate the greatest common factor of c and 2788.
34
Let w = -21160 + 22812. What is the greatest common divisor of 728 and w?
28
Let r be 24/18*(-1860)/(-40). What is the greatest common factor of r and 2852?
62
Let s(g) = 4*g - 11. Let r be s(3). What is the greatest common factor of r and 105?
1
Let u = 333 + -328. Suppose u*n - 31 = -4*a + 54, -15 = -a + 5*n. Calculate the highest common divisor of 36 and a.
4
Let f = -12 - -21. Let x be (-1115)/(-15) + 1/(-3) - (111 - 118). What is the greatest common factor of f and x?
9
Let c be (-9 - -13)*(-5)/(-4 + 1052/264). What is the greatest common factor of 770 and c?
110
Let h be (-4)/2 + 17535/21. Calculate the greatest common divisor of 147 and h.
49
Suppose -2104 - 294 = -24*t + 2*t. What is the highest common factor of 3 and t?
1
Let t = -4988 - -5018. Let k = -16 + 11. Let h(j) = j**2 - j. Let a be h(k). Calculate the highest common divisor of t and a.
30
Let l = -355 + 1909. Calculate the greatest common factor of 42 and l.
42
Let p(v) = 44*v**2 + 102*v + 10. Let r be p(-3). Calculate the greatest common factor of r and 850.
50
Suppose 225*l = f + 223*l - 42, 0 = -3*l. What is the highest common divisor of 1 and f?
1
Let c be 10*(-23 - (-5148)/90). What is the highest common factor of 7353 and c?
171
Suppose 0 = 635*r - 632*r - 1983. What is the greatest common divisor of 1 and r?
1
Let q(r) = -r**3 + 6*r**2 - 10*r + 12. Let i be q(3). Let x be (4 - -71)/5*3/i. What is the greatest common factor of 40 and x?
5
Let q = 4788 + -4528. What is the highest common divisor of q and 340?
20
Let h(i) = 3*i + 27. Let n be h(8). Suppose -3*t = 2*l - l - n, -l + 3*t = -69. What is the greatest common factor of 75 and l?
15
Let q(l) = -2*l**3 - 8*l**2 + 55*l + 397. Let o be q(-8). Calculate the highest common divisor of 7 and o.
7
Let x(y) = 5*y - 1. Let g be x(2). Let t(h) = -2*h**3 + 495*h**2 - 18225*h + 9. Let j be t(45). Calculate the highest common factor of g and j.
9
Suppose -35567 = -7*r - 114*r + 13438. What is the greatest common divisor of r and 3159?
81
Let u be (19 + -2 - 2) + -1. Suppose -5*o = 2*v - 1064, 0 = -3*o + 6*o. Let s be (5/4)/(19/v). What is the greatest common divisor of s and u?
7
Let b(c) = 93*c. Let m be b(2). Suppose 0 = 4*d, 4*j - m = 2*j - 2*d. Suppose u + j = 390. Calculate the greatest common factor of u and 33.
33
Let z = -138 + 282. Suppose -182*v - 184*v + 376*v + 25 = 665. What is the greatest common divisor of v and z?
16
Let z(x) = -x**3 + 261. Let y be z(0). Suppose 38*j - 2*j - 792 = 0. Let q = j + 7. Calculate the highest common factor of q and y.
29
Suppose 8*f - 7*f = 3*u - 72, 2*u + 3*f - 48 = 0. What is the greatest common divisor of 84 and u?
12
Let z = 356 - -633. Calculate the highest common factor of 23 and z.
23
Let r(i) = -16*i**2 + 8*i - 1. Let w be r(1). Let k be (-11 - -10)/(1/w). What is the greatest common factor of 288 and k?
9
Let l be 22 - (1 - 0 - -3). Let o be l/(-4)*76/(-6). Suppose -163 = -4*a + o. Calculate the highest common divisor of 22 and a.
11
Let h be (1/1 + (0 - 4))*-1. Suppose 221 = h*j - 139. Suppose -j = -q - q. Calculate the highest common factor of q and 15.
15
Let h = -2478 - -3470. Suppose 5*q + 4*p - 998 = 0, -5*q + 9*p = 10*p - h. Calculate the highest common factor of q and 132.
66
Suppose -4*y + 497*s - 495*s + 52630 = 0, -2*y = 2*s - 26318. What is the greatest common factor of y and 129?
129
Let k = 717 - 375. Let a(b) = 2*b**2 - 7*b + 8. Let x be a(6). What is the highest common divisor of x and k?
38
Let c = -34 - -43. Suppose -4*p = -2*h - 60, 0 = -c*h + 10*h - 4. Suppose -n = 2*n - 3*x - 144, -45 = -n + 2*x. What is the greatest common divisor of n and p?
17
Suppose 7 + 18 = 5*o + 5*b, -5*b - 17 = -2*o. What is the highest common factor of 2166 and o?
6
Suppose -115 - 2493 = -4*s. Suppose 460 = n - s. Let b be 4/14 - n/(-28). What is the greatest common divisor of b and 30?
10
Suppose -l + 5*s - 40 = -0*l, 2*s = -4*l - 160. Let f be ((-8)/10)/(16/l). Let c = -63 + 73. Calculate the greatest common factor of c and f.
2
Let k be (2/2)/(2/4). Let p be 9/k*4/3. Let y(u) = 19526*u + 136736. Let m be y(-7). What is the highest common factor of p and m?
6
Let s(k) = k**3 - 11*k**2 + 4. Let y be s(11). Suppose y*q - 445 = -393. What is the greatest common divisor of q and 13?
13
Let w = 110 - 90. Suppose -5*p = z - 50, 2*p - w = -5*z - 0. What is the highest common factor of p and 190?
10
Let v be (-9)/3 - -1 - (-2 + 0). Suppose -27*y + 270 + 0 = v. Calculate the highest common divisor of y and 45.
5
Let t = -114 - -144. Suppose t = 5*x + 15. Suppose c + p - 256 = -x*c, -3*p - 128 = -2*c. What is the highest common divisor of c and 96?
32
Let r be ((-57)/(-4))/((-36)/144)*-5. Calculate the greatest common divisor of r and 1045.
95
Let y be (-9)/21 - 244/(-14) - 6. Let s = -86 - -51. Let m be (2 + s)/(9/(-24)). What is the highest common factor of y and m?
11
Let k(p) = 4*p**2 + 142*p - 9. Let w be k(-36). Suppose -2*j = -65 - 25. What is the greatest common divisor of w and j?
9
Let l be 2 + (-4 - -1) + 6 - -1. Let f be 1119 - l/(-2)*(14 - 13). What is the highest common divisor of 66 and f?
66
Let a(r) = 7*r**2 - 21*r + 5. Let g be a(10). Let l = g - 491. Calculate the greatest common factor of 60 and l.
4
Let o be -3*(4 - 1790/15). Let i be (1 - o/(-10)) + 50/125. Calculate the greatest common factor of i and 48.
12
Suppose 3*d = 0, 5*j + 3*d + 1986 = 23696. Calculate the greatest common factor of 52 and j.
26
Suppose 0 = -14*b + 33 + 9. Suppose 3*l = 15, b*l - 110 = -f + 2*l. What is the greatest common factor of 63 and f?
21
Suppose 206 - 514 = -2*h + m, -604 = -4*h + 5*m. Let l = 23 + -11. What is the greatest common divisor of l and h?
12
Let f = 12865 - 12853. Suppose 2*s - 3 = s - 2*u, 0 = -4*s + 4*u + 12. What is the highest common factor of s and f?
3
Let a(k) = k**2 + k**3 + 6*k**2 - 10 - k**2 - 20*k - 3. Let x be a(-8). What is the highest common factor of 513 and x?
19
Let v = 2611 - 1360. What is the greatest common factor of v and 126?
9
Suppose -18200 = 5*v - 75*v. Calculate the highest common factor of v and 8905.
65
Let z be 413/(-14) - 1/2 - -3. Let w = z - -53. Let k = 47 - 21. What is the greatest common divisor of k and w?
26
Let s be 82/26 - (-8)/(-52). Suppose s*h = 23 - 26. Let c be 3 + h/(-1 - 0). Calculate the greatest common divisor of c and 3.
1
Let x(t) = 8*t**2 + 4*t + 2. Let j be x(-3). Let k(m) = 74 + 0*m + 57 - 50 + 2*m. Let d be k(6). What is the highest common factor of d and j?
31
Let t = -46 - -49. Let w be 31*(-1)/t*-27. What is the highest common factor of w and 31?
31
Let z(l) = l**2 - 65*l - 927. Let w be z(-16). Calculate the highest common factor of w and 45.
9
Let w(n) = 3*n**3 - 2*n**2 + 3*n - 1. Let o be w(2). Let f = 75 + 30. Let i be 28/(-10)*f/(-42). What is the highest common factor of i and o?
7
Let x = 12654 - 12574. Calculate the greatest common divisor of 124 and x.
4
Let n be (-1036)/(-3108) + (-8231)/(-3) + 0. What is the greatest common factor of n and 448?
56
Suppose -5*f + 20*u - 16*u = -1680, 3*f - u = 1015. What is the greatest common divisor of f and 185?
5
Suppose 4*b = -m - 16, m = 7*b - 4*b - 9. Let x = -9 - m. Let a be 324/54 - (-1 - 17). Calculate the highest common divisor of x and a.
3
Suppose 4*q - 149 = -1. Let x = 30 - q. Let o(z) = 5*z**2 - z - 17. Let g be o(x). What is the greatest common factor of g and 47?
47
Suppose i - 208 = -2*l - 3*i, 2*l = 2*i + 184. What is the highest common factor of l and 64?
32
Let v(u) = 4*u + 21*u - 9*u**2 + 2*u**2 - 2*u**2 - 37*u. Let t be v(-1). Let o be (3/4)/((-1)/(-28)). What is the greatest common